 the second derivative of y**4/12 + y**2/2 - 197*y. Give v(g).
5
Suppose 1 = -3*w + w + 5*h, -3*w + h + 18 = 0. Let t(x) be the second derivative of -x**4/12 + x**3 - 3*x**2/2 + 8*x. What is t(w)?
-10
Let g(o) be the first derivative of 3*o**2/2 + 10*o + 155. Give g(-4).
-2
Let a(n) = 5*n**2 + n + 3. Let k be a(-2). Let b be (k/15 + -4)/((-1)/5). Let w(h) = -h**3 + 13*h**2 + h - 10. What is w(b)?
3
Let i(m) = 9*m - 10. Let c(a) = -a + 1. Let o(s) = -2*c(s) - i(s). Give o(6).
-34
Let o(b) = -b**3 - 13*b**2 - 12*b - 6. Let y be ((352/(-40))/11)/((-1)/(-15)). Give o(y).
-6
Suppose -3*n = 2*n + 35. Let k(r) = -r - 9. Give k(n).
-2
Let s(o) = o + 11. Let w be s(-7). Suppose 0 = -w*d - 3*d. Let y(t) = t + 4. Calculate y(d).
4
Let l(v) = -v**3 + 4*v**2 - 2*v - 1. Let t be (1/(-3))/(4/1044*-3). Suppose 0 = -3*s + t - 23. Determine l(s).
3
Let y(z) = 3*z + 18. Let a be (34/6)/(((-112)/14)/(-24)). Give y(a).
69
Let b be (-2 - 10/(-2))*(-10)/(-15). Let w(s) = b*s + 6*s - 1 - 4*s. Suppose -y = -3*t + 7 - 4, 3*y = 9. What is w(t)?
7
Let t be (-8 + 6)/((-2)/18). Suppose 5*j - 12 = t. Let b(g) be the third derivative of g**4/12 - g**3/2 + g**2. What is b(j)?
9
Let t = 2405 - 2398. Let m(i) = 5*i - 16. What is m(t)?
19
Let d(s) be the second derivative of -1/2*s**3 - 1/2*s**2 + 13*s + 0 - 1/3*s**4 - 1/10*s**5. Determine d(-2).
5
Let y(a) = -a**3 + 5*a**2 - 4*a + 2. Let t = -21 - -26. Suppose -t*i + 6 = -14. Determine y(i).
2
Let q(b) = 8*b - 2*b**2 - 3 - 4*b + 3*b**2. Let z = 35 - 33. Determine q(z).
9
Let v(g) = g**3 + 14*g**2 + 12*g - 9. Let i(p) = 23*p - 128. Let j be i(5). Determine v(j).
4
Let i(z) = z**2 - 5*z - 2 - 4 + 0. Suppose -5*v = -13 - 17. Suppose 0 = -8*p + v*p + 12. Determine i(p).
0
Let b(g) be the first derivative of -g**3/3 + g**2/2 + 4*g + 86. Determine b(-4).
-16
Let r(z) = -z**3 + 3*z**2 + 4*z - 3. Let c(t) = t**2 + 8*t + 7. Let m be c(-7). Suppose -5*h + 2*h - 4*y - 8 = 0, 2*h + 2*y + 2 = m. Calculate r(h).
-3
Let v(n) be the third derivative of -n**5/60 + n**3/2 + 122*n**2. Let k be 12/(-4)*(1 - 0). What is v(k)?
-6
Let c(h) = -h**3 + 12*h**2 + 5*h - 14. Let q(u) = u**2 + u - 1. Let b(p) = -c(p) + 6*q(p). Calculate b(6).
14
Let j(g) = 2*g - 1. Let u be (-6 - -1)*88/(-10). Suppose -5*a - 14 = -u. Let n be (-2)/(-3)*(-9)/a. Calculate j(n).
-3
Let d(r) be the third derivative of r**4/24 - 2*r**3/3 - 5*r**2 - 15*r. What is d(11)?
7
Let s(k) = -k - 14. Let h(y) = 5*y + 71. Let a(z) = -2*h(z) - 11*s(z). Suppose -d = -5*o, 2*d + 3*d - 21 = 4*o. Suppose 7 = -2*r - d. What is a(r)?
6
Let g(o) = 5*o - 18. Let l be 14*((-10)/100 + 12/20). Give g(l).
17
Let a be 6*1 + 2 + -8 + 2. Suppose -4*j + 5 - 1 = 0. Let i(z) = 2 + 0 + z**3 + 3*z**2 + j - 6*z**a. Determine i(3).
3
Let s = 95 + -93. Let a(n) = n - 3 - 6 + 8 + 8*n**s. What is a(1)?
8
Let z(a) = -a**3 + 77*a**2 - 145*a**2 - 13*a - 9 + 82*a**2. Give z(13).
-9
Let l(i) = -i**3 - i**2 - 6*i - 9. Let h(f) = -f - 1. Let w(o) = -7*h(o) + l(o). Let c be (-12)/9*9/6. Determine w(c).
0
Let i(p) = 28*p - 4*p**2 - 4 - 17*p + 4*p**2 + p**2 - 15*p. Calculate i(5).
1
Let r(q) = 4*q + 1. Let v be -1 - (-4)/1 - -12. Suppose -3*c - 38 = -4*z, -4*z + 57 = -5*c + v. Suppose -3*d = 2*p + 10, 3*d = 2*d + 5*p + z. Give r(d).
-7
Suppose -4*a + 3*k = 48, k - 48 = 6*a - 2*a. Let d = 14 + a. Let g(u) = -5 - 4*u - 3*u**2 + 2*u**d + 0*u**2 + 1. Give g(-3).
-1
Let y(u) = 3*u**2 + 2*u + 3. Let p(v) = -10 + 2 - 2*v + 3*v. Let i be p(6). Give y(i).
11
Let w(m) = m**3 - 8*m**2 - m + 3. Let v be 92 + (-1 - -1)/3. Let t = -84 + v. Calculate w(t).
-5
Let y(z) = -z - 53 + 22 + 17 + 17. Give y(-4).
7
Let r be 4 + 2 + -20 + -10. Let d(b) = -b - 31. Calculate d(r).
-7
Let j(c) be the third derivative of -c**5/60 - c**4/8 - c**3/6 - 16*c**2 - 2*c. What is j(-2)?
1
Let x(l) = -l - 9. Let h(u) = u. Let d(v) = h(v) - x(v). Let o = -28 - -49. Suppose -o = 3*m - 3. Give d(m).
-3
Let x = -8 - -1. Let i(p) be the second derivative of p**4/12 + 5*p**3/6 - 4*p**2 + 6429*p. Determine i(x).
6
Let d(f) be the third derivative of f**7/420 - f**6/120 + f**5/120 + f**4/12 + f**3/3 + 8*f**2. Let k(b) be the first derivative of d(b). Calculate k(2).
8
Let u be -2 - 0/(-4) - 23*-3. Let q(h) = 127 - 5*h - u - 59. Calculate q(1).
-4
Let u(l) be the second derivative of -l**3/6 - 2*l**2 + 187*l. What is u(0)?
-4
Let g(f) = 141*f**3 + 4*f**2 + 6 + 5*f**2 + 9 + 5*f**2 - 142*f**3 - 14*f. Determine g(13).
2
Let d(o) = -o**2 - o + 3. Let m be (-2 - -2)/(-4) - -1. Let g = m - 1. Give d(g).
3
Suppose 16*m - 5 = 21*m. Let u(h) = -20*h**2 + h + 1. Give u(m).
-20
Let w(i) = -i**2 - i - 1. Let y(o) = o**3 - 4*o**2 - 6*o - 3. Let h(t) = 2*w(t) - y(t). Determine h(4).
-15
Let q(l) = l**2 - 6*l + 7. Suppose 2*w = 5*w - 51. Suppose -7*k + w + 18 = 0. Determine q(k).
2
Let r(n) = -n - 9. Let m(w) = w**2 - w - 1. Let h be m(6). Let s = h + -37. What is r(s)?
-1
Let i(d) = d. Let o be 78/9 + 1/3. Suppose 3*b + 0*b - o = 0. Calculate i(b).
3
Let i(t) be the third derivative of -t**6/120 - t**5/10 - t**4/4 - t**3/2 - 23*t**2. Let m = -63 - -58. Determine i(m).
2
Let w(x) = -x**2 - 4*x. Suppose 0 = o + y - 3, -36 = -7*o + 2*o + 2*y. Suppose 3*b + o = -4*g - g, g - b + 6 = 0. Determine w(g).
3
Let x(l) = l**3 - 11*l**2 + 2*l - 7. Let n be x(11). Suppose -22*q - n = -17*q. Let h(d) = -d**2 - 2*d - 2. What is h(q)?
-5
Suppose -4*m = 3*r + 8, r = -2*m - 0*r - 4. Let y be (-13 - (5 - 4))/m. Let q(p) = -2*p**2 - p**2 - 9 + p**2 + p**2 + y*p. Give q(7).
-9
Let h(m) = 3*m**3 - m**2 + 3*m + 37. Let o(p) = -p**3 - 2*p - 15. Let x(b) = -2*h(b) - 5*o(b). What is x(4)?
-15
Let c(a) = -3*a - 15. Let x = -717 + 711. Calculate c(x).
3
Suppose 15*b - 600 = 21*b. Let t = 98 + b. Let m(v) = -v**3 + v**2 + v. Determine m(t).
10
Let s = -1961 + 1968. Let g(q) be the first derivative of q**3/6 - 5*q**2/2 + q - 1. Let y(n) be the first derivative of g(n). What is y(s)?
2
Suppose k = 5*s, 3*s - 4*k = -3 - 14. Let m be -40*s/(-6)*-3. Let l = m + 25. Let j(c) = -c**3 + 5*c**2 + 6. Determine j(l).
6
Suppose 0 = z - 4. Let b(v) = -5*v. Let q(f) = -f + 1. Let g(w) = -b(w) + 4*q(w). What is g(z)?
8
Let y(j) = -2*j**3 + 11*j**2 + 6*j + 5. Suppose o - 7 = 2*h - 18, 2*h + 4*o - 16 = 0. Determine y(h).
5
Suppose -o - 4*n + 20 = 0, -5*o + 2*n - 6*n + 20 = 0. Suppose -3*u + 17 - 23 = o. Let t(h) = -2*h**3 - 2*h**2 + h - 1. Calculate t(u).
5
Suppose 2*b + 3*h - 59 = -0*b, -b + 3*h = -25. Suppose -6*v + b = 5*i - 3*v, 0 = i - v - 4. Let n(q) = -q**3 + 6*q**2 - 6*q + 6. Calculate n(i).
1
Let d(j) = -2*j**2 + 3*j + 4. Suppose 6*g - 190 = -160. Calculate d(g).
-31
Let d(u) = u**3 + 6*u**2 - 8*u. Let q(g) = -g**2 + 8*g - 7. Let j be q(3). Let c be (-2)/j - (-162)/(-24). What is d(c)?
7
Let v = -52 - -47. Let l(a) be the first derivative of -a**2/2 - 2. What is l(v)?
5
Let v be (3 - 2)*-16 - 0. Let b = 13 + v. Let w(r) be the third derivative of r**5/60 + r**4/24 - r**2. Give w(b).
6
Let o(t) = t - 3. Suppose -6*j = -174 + 114. What is o(j)?
7
Let o(i) = -5*i + 2. Suppose 0 = -2*m + 4*m - 92. Let y = 44 - m. Determine o(y).
12
Let t(y) = -78*y - 10. Let a(j) = -37*j - 5. Let z(o) = -9*a(o) + 4*t(o). Calculate z(-2).
-37
Suppose -2*u + 5 = -1. Suppose -4 = 2*r - u*r. Let h(x) = 3*x - 6. Determine h(r).
6
Let y(r) = -r + 35. Let o(l) = l - 40. Let a(b) = 6*o(b) + 7*y(b). Suppose -3*t + 6*t + 2*f + 4 = 0, 2 = 2*t - f. Determine a(t).
5
Let v(i) = -i**3 - 14*i**2 + 14*i - 11. Suppose 0 = z - c + 17, 9*z - 10*z + 5*c = 25. Give v(z).
4
Let g(t) = -t**3 + 8*t**2 - 9*t + 16. Let z be g(7). Let h(c) = z - 5 - 5 - c + 5. Give h(-5).
2
Let m(g) = g**3 - g**2 - 5*g + 4. Suppose -12 = 9*o - 5*o. Let z = 3 + o. Suppose -r = -3 - z. Determine m(r).
7
Let i(b) = -b - 7. Suppose -7 + 1 = -2*r. Suppose -4*l = v, r*l = -5*v + 3*v. Determine i(l).
-7
Suppose 0 = -3*z + 2*s - 449, -4*z - 596 = -s - 3*s. Let m = z - -153. Let c(b) = 10*b. What is c(m)?
20
Suppose 0 = 4*o - 7*o - 63. Let n = -28 - o. Let c(a) = a**3 + 6*a**2 - 8*a - 6. What is c(n)?
1
Let a be (-6)/(-5)*5/(-6)*-2. Let j(h) = -6 + 2 + h**a - 7*h**2 + 7*h**2. What is j(-4)?
12
Let s(w) be the second derivative of -w**3/2 + w**2/2 + w. Let l(m) = 34*m**2. Let n be l(-1). Let z = 37 - n. Calculate s(z).
-8
Let p(o) be the third derivative of o**5/60 + o**4/4 + o**3/2 + 28*